{"id":37161,"date":"2019-06-08T03:56:26","date_gmt":"2019-06-08T03:56:26","guid":{"rendered":"https:\/\/www.abcmedicalpr.com\/?post_type=product&#038;p=37161"},"modified":"2019-06-08T10:42:29","modified_gmt":"2019-06-08T10:42:29","slug":"unisex-mild-support-open-toe-waist-highs","status":"publish","type":"product","link":"https:\/\/www.abcmedicalpr.com\/?product=unisex-mild-support-open-toe-waist-highs","title":{"rendered":"Unisex Mild Support Open-Toe Waist Highs"},"content":{"rendered":"<p><strong>EASE by Therafirm\u00ae Unisex Opaco Open-Toe Altos de cintura Caracter\u00edstica:<\/strong><\/p>\n<p>Hilos ultra el\u00e1sticos para prendas que son m\u00e1s f\u00e1ciles de poner y m\u00e1s c\u00f3modas de usar<\/p>\n<p>La verdadera compresi\u00f3n de gradiente probada en laboratorio disminuye gradualmente hacia la parte superior de la media para promover el flujo de sangre<\/p>\n<p>Cintura de punto no restrictiva para un uso c\u00f3modo durante todo el d\u00eda<\/p>\n<p>Las fibras CoolMax que absorben la humedad brindan un frescor seco y c\u00f3modo<\/p>\n<p>Material opaco s\u00faper suave y transpirable<\/p>\n<p>Banda lisa de punta abierta para mayor comodidad y durabilidad<\/p>\n<p>Disponible en longitudes cortas y largas para un mejor ajuste<\/p>\n<p>Hecho 100% en los Estados Unidos.<\/p>\n<p>CoolMax Nylon \/ Lycra<\/p>\n<p>Lavar a mano en agua tibia o fr\u00eda con detergente suave. Para establecer planos seco.<\/p>\n<p>COOLMAX\u00ae y LYCRA\u00ae son marcas registradas de INVISTA<\/p>\n<p><strong>* CONTRAINDICACIONES:<\/strong> Los productos de compresi\u00f3n no deben usarse y est\u00e1n contraindicados si tiene alguna de las siguientes afecciones: Insuficiencia arterial grave, infecciones cut\u00e1neas, dermatitis aguda, dermatosis h\u00fameda, insuficiencia card\u00edaca congestiva no controlada, irritaci\u00f3n de la piel, alergias a los tintes.<\/p>\n<p>** La compresi\u00f3n media para un tama\u00f1o promedio de tobillo.<\/p>\n<p>58710 Therafirm Ease 15-20 mmHg Unisex Mild Support Open-Toe Waist Highs\u00a0 SAND\u00a0\u00a0\u00a0 SM\u00a0\u00a0\u00a0\u00a0\u00a0\u00a0\u00a0\u00a0 $52.99<\/p>\n<p>58720 Therafirm Ease 15-20 mmHg Unisex Mild Support Open-Toe Waist Highs\u00a0 SAND\u00a0\u00a0\u00a0 MD\u00a0\u00a0\u00a0\u00a0\u00a0\u00a0\u00a0\u00a0 $52.99<\/p>\n<p>58730 Therafirm Ease 15-20 mmHg Unisex Mild Support Open-Toe Waist Highs\u00a0 SAND\u00a0\u00a0\u00a0 LG\u00a0\u00a0\u00a0\u00a0\u00a0\u00a0\u00a0\u00a0\u00a0\u00a0 $52.99<\/p>\n<p>&nbsp;<\/p>\n<p>51910 Therafirm Ease 15-20 mmHg Unisex Mild Support Open-Toe Waist Highs\u00a0 LONG SAND SM\u00a0\u00a0\u00a0\u00a0\u00a0\u00a0\u00a0\u00a0\u00a0\u00a0\u00a0\u00a0\u00a0\u00a0\u00a0 $52.99<\/p>\n<p>51920 Therafirm Ease 15-20 mmHg Unisex Mild Support Open-Toe Waist Highs\u00a0 LONG SAND MD $52.99<\/p>\n<p>51930 Therafirm Ease 15-20 mmHg Unisex Mild Support Open-Toe Waist Highs\u00a0 LONG SAND LG $52.99<\/p>\n","protected":false},"excerpt":{"rendered":"<p>Las nuevas medias opacas de EASE by Therafirm\u00ae para hombres y mujeres est\u00e1n dise\u00f1adas para ayudar a prevenir el edema, la TVP y las molestias en las piernas, prevenir o tratar las varices leves y aliviar las piernas pesadas, cansadas y adoloridas. , banda de punto para un uso c\u00f3modo durante todo el d\u00eda y punta abierta suave para mayor comodidad.<\/p>\n<p>&nbsp;<\/p>\n<p>EASE by Therafirm\u00ae Unisex Opaque Open-Toe Waist Highs se fabrican con un nivel de soporte graduado de 15-20mmHg.<\/p>\n","protected":false},"featured_media":37168,"comment_status":"open","ping_status":"closed","template":"","meta":[],"product_brand":[],"product_cat":[170,168],"product_tag":[],"class_list":{"0":"post-37161","1":"product","2":"type-product","3":"status-publish","4":"has-post-thumbnail","6":"product_cat-15-20","7":"product_cat-medias-compresion","8":"description-off","10":"first","11":"instock","12":"shipping-taxable","13":"purchasable","14":"product-type-variable"},"_links":{"self":[{"href":"https:\/\/www.abcmedicalpr.com\/index.php?rest_route=\/wp\/v2\/product\/37161","targetHints":{"allow":["GET"]}}],"collection":[{"href":"https:\/\/www.abcmedicalpr.com\/index.php?rest_route=\/wp\/v2\/product"}],"about":[{"href":"https:\/\/www.abcmedicalpr.com\/index.php?rest_route=\/wp\/v2\/types\/product"}],"replies":[{"embeddable":true,"href":"https:\/\/www.abcmedicalpr.com\/index.php?rest_route=%2Fwp%2Fv2%2Fcomments&post=37161"}],"wp:featuredmedia":[{"embeddable":true,"href":"https:\/\/www.abcmedicalpr.com\/index.php?rest_route=\/wp\/v2\/media\/37168"}],"wp:attachment":[{"href":"https:\/\/www.abcmedicalpr.com\/index.php?rest_route=%2Fwp%2Fv2%2Fmedia&parent=37161"}],"wp:term":[{"taxonomy":"product_brand","embeddable":true,"href":"https:\/\/www.abcmedicalpr.com\/index.php?rest_route=%2Fwp%2Fv2%2Fproduct_brand&post=37161"},{"taxonomy":"product_cat","embeddable":true,"href":"https:\/\/www.abcmedicalpr.com\/index.php?rest_route=%2Fwp%2Fv2%2Fproduct_cat&post=37161"},{"taxonomy":"product_tag","embeddable":true,"href":"https:\/\/www.abcmedicalpr.com\/index.php?rest_route=%2Fwp%2Fv2%2Fproduct_tag&post=37161"}],"curies":[{"name":"wp","href":"https:\/\/api.w.org\/{rel}","templated":true}]}}