{"id":37150,"date":"2019-06-08T03:38:18","date_gmt":"2019-06-08T03:38:18","guid":{"rendered":"https:\/\/www.abcmedicalpr.com\/?post_type=product&#038;p=37150"},"modified":"2019-06-08T03:47:05","modified_gmt":"2019-06-08T03:47:05","slug":"womens-mild-support-thigh-high","status":"publish","type":"product","link":"https:\/\/www.abcmedicalpr.com\/?product=womens-mild-support-thigh-high","title":{"rendered":"Women&#8217;s Mild Support Thigh High"},"content":{"rendered":"<p>Hilos ultra el\u00e1sticos para prendas que son m\u00e1s f\u00e1ciles de poner y m\u00e1s c\u00f3modas de usar<\/p>\n<p>La verdadera compresi\u00f3n de gradiente probada en laboratorio disminuye gradualmente hacia la parte superior de la media para promover el flujo de sangre<\/p>\n<p>La banda de puntos de silicona no restrictiva mantiene las medias en su lugar todo el d\u00eda<\/p>\n<p>Las fibras CoolMax que absorben la humedad brindan un frescor seco y c\u00f3modo<\/p>\n<p>Material opaco s\u00faper suave y transpirable<\/p>\n<p>Costura suave del dedo del pie<\/p>\n<p>Puntera reforzada para mayor durabilidad y redondeada para un ajuste c\u00f3modo<\/p>\n<p>Disponible en longitudes cortas y largas para un mejor ajuste<\/p>\n<p>Surtido de colores de moda<\/p>\n<p>Hecho 100% en los Estados Unidos.<\/p>\n<p>CoolMax Nylon \/ Lycra<\/p>\n<p>Lavar a mano en agua tibia o fr\u00eda con detergente suave. Para establecer planos seco.<\/p>\n<p>&nbsp;<\/p>\n<p>COOLMAX\u00ae y LYCRA\u00ae son marcas registradas de INVISTA<\/p>\n<p>* CONTRAINDICACIONES: Los productos de compresi\u00f3n no deben usarse y est\u00e1n contraindicados si tiene alguna de las siguientes afecciones: Insuficiencia arterial grave, infecciones cut\u00e1neas, dermatitis aguda, dermatosis h\u00fameda, insuficiencia card\u00edaca congestiva no controlada, irritaci\u00f3n de la piel, alergias a los tintes.<\/p>\n<p>&nbsp;<\/p>\n<p>** La compresi\u00f3n media para un tama\u00f1o promedio de tobillo..<\/p>\n","protected":false},"excerpt":{"rendered":"<p>Los women&#8217;s opaque thigh highs de EASE by Therafirm\u00ae est\u00e1n dise\u00f1ados para ayudar a prevenir el edema, la TVP y las molestias en las piernas, prevenir o tratar las varices leves y aliviar las piernas pesadas, cansadas y adoloridas. * Con una banda de punto suave para que todo sea c\u00f3modo &#8211; Ropa de d\u00eda y puntera y tal\u00f3n reforzados para mayor durabilidad.<\/p>\n<p>Los muslos opacos para muslos EASE by Therafirm\u00ae est\u00e1n hechos con un nivel de soporte graduado de 15-20 mmHg.<\/p>\n","protected":false},"featured_media":37151,"comment_status":"open","ping_status":"closed","template":"","meta":[],"product_brand":[],"product_cat":[170,168],"product_tag":[],"class_list":{"0":"post-37150","1":"product","2":"type-product","3":"status-publish","4":"has-post-thumbnail","6":"product_cat-15-20","7":"product_cat-medias-compresion","8":"description-off","10":"first","11":"instock","12":"shipping-taxable","13":"purchasable","14":"product-type-variable"},"_links":{"self":[{"href":"https:\/\/www.abcmedicalpr.com\/index.php?rest_route=\/wp\/v2\/product\/37150","targetHints":{"allow":["GET"]}}],"collection":[{"href":"https:\/\/www.abcmedicalpr.com\/index.php?rest_route=\/wp\/v2\/product"}],"about":[{"href":"https:\/\/www.abcmedicalpr.com\/index.php?rest_route=\/wp\/v2\/types\/product"}],"replies":[{"embeddable":true,"href":"https:\/\/www.abcmedicalpr.com\/index.php?rest_route=%2Fwp%2Fv2%2Fcomments&post=37150"}],"wp:featuredmedia":[{"embeddable":true,"href":"https:\/\/www.abcmedicalpr.com\/index.php?rest_route=\/wp\/v2\/media\/37151"}],"wp:attachment":[{"href":"https:\/\/www.abcmedicalpr.com\/index.php?rest_route=%2Fwp%2Fv2%2Fmedia&parent=37150"}],"wp:term":[{"taxonomy":"product_brand","embeddable":true,"href":"https:\/\/www.abcmedicalpr.com\/index.php?rest_route=%2Fwp%2Fv2%2Fproduct_brand&post=37150"},{"taxonomy":"product_cat","embeddable":true,"href":"https:\/\/www.abcmedicalpr.com\/index.php?rest_route=%2Fwp%2Fv2%2Fproduct_cat&post=37150"},{"taxonomy":"product_tag","embeddable":true,"href":"https:\/\/www.abcmedicalpr.com\/index.php?rest_route=%2Fwp%2Fv2%2Fproduct_tag&post=37150"}],"curies":[{"name":"wp","href":"https:\/\/api.w.org\/{rel}","templated":true}]}}