{"id":37034,"date":"2019-06-07T10:40:18","date_gmt":"2019-06-07T10:40:18","guid":{"rendered":"https:\/\/www.abcmedicalpr.com\/?post_type=product&#038;p=37034"},"modified":"2019-06-07T10:41:11","modified_gmt":"2019-06-07T10:41:11","slug":"underpads-desechables","status":"publish","type":"product","link":"https:\/\/www.abcmedicalpr.com\/?product=underpads-desechables","title":{"rendered":"Underpads Desechables"},"content":{"rendered":"","protected":false},"excerpt":{"rendered":"<p><strong>Covidien Wings Fluff Polymer Underpad-30&#215;36<\/strong><\/p>\n<p>Gran absorbencia<\/p>\n<p>Proporcionan m\u00e1xima cobertura, absorci\u00f3n y protecci\u00f3n<\/p>\n<p>Contiene pol\u00edmero s\u00faper absorbente para m\u00e1xima retenci\u00f3n de l\u00edquidos reduce olor y mantener la humedad lejos de la piel.<\/p>\n<p>La hoja posterior de polipropileno contra salida y resiste a la fusi\u00f3n<\/p>\n","protected":false},"featured_media":37037,"comment_status":"open","ping_status":"closed","template":"","meta":[],"product_brand":[],"product_cat":[163],"product_tag":[],"class_list":{"0":"post-37034","1":"product","2":"type-product","3":"status-publish","4":"has-post-thumbnail","6":"product_cat-incontinencia","7":"description-off","9":"first","10":"instock","11":"shipping-taxable","12":"purchasable","13":"product-type-variable"},"_links":{"self":[{"href":"https:\/\/www.abcmedicalpr.com\/index.php?rest_route=\/wp\/v2\/product\/37034","targetHints":{"allow":["GET"]}}],"collection":[{"href":"https:\/\/www.abcmedicalpr.com\/index.php?rest_route=\/wp\/v2\/product"}],"about":[{"href":"https:\/\/www.abcmedicalpr.com\/index.php?rest_route=\/wp\/v2\/types\/product"}],"replies":[{"embeddable":true,"href":"https:\/\/www.abcmedicalpr.com\/index.php?rest_route=%2Fwp%2Fv2%2Fcomments&post=37034"}],"wp:featuredmedia":[{"embeddable":true,"href":"https:\/\/www.abcmedicalpr.com\/index.php?rest_route=\/wp\/v2\/media\/37037"}],"wp:attachment":[{"href":"https:\/\/www.abcmedicalpr.com\/index.php?rest_route=%2Fwp%2Fv2%2Fmedia&parent=37034"}],"wp:term":[{"taxonomy":"product_brand","embeddable":true,"href":"https:\/\/www.abcmedicalpr.com\/index.php?rest_route=%2Fwp%2Fv2%2Fproduct_brand&post=37034"},{"taxonomy":"product_cat","embeddable":true,"href":"https:\/\/www.abcmedicalpr.com\/index.php?rest_route=%2Fwp%2Fv2%2Fproduct_cat&post=37034"},{"taxonomy":"product_tag","embeddable":true,"href":"https:\/\/www.abcmedicalpr.com\/index.php?rest_route=%2Fwp%2Fv2%2Fproduct_tag&post=37034"}],"curies":[{"name":"wp","href":"https:\/\/api.w.org\/{rel}","templated":true}]}}