{"id":37026,"date":"2019-06-07T10:35:55","date_gmt":"2019-06-07T10:35:55","guid":{"rendered":"https:\/\/www.abcmedicalpr.com\/?post_type=product&#038;p=37026"},"modified":"2019-06-07T10:36:12","modified_gmt":"2019-06-07T10:36:12","slug":"ropa-interior-desechable","status":"publish","type":"product","link":"https:\/\/www.abcmedicalpr.com\/?product=ropa-interior-desechable","title":{"rendered":"Ropa Interior Desechable"},"content":{"rendered":"<p>1605BG\u00a0\u00a0\u00a0\u00a0\u00a0\u00a0\u00a0\u00a0\u00a0\u00a0 Small\/Medium Cintura 32\u201da 44\u201d 20 Paquete\u00a0\u00a0\u00a0\u00a0\u00a0\u00a0\u00a0\u00a0 $14.99\u00a0\u00a0\u00a0\u00a0\u00a0\u00a0\u00a0\u00a0\u00a0\u00a0\u00a0\u00a0\u00a0\u00a0\u00a0\u00a0\u00a0\u00a0 2.8lbs\u00a0\u00a0\u00a0 11X6X8.5 in<\/p>\n<p>1605\u00a0\u00a0\u00a0\u00a0\u00a0\u00a0\u00a0\u00a0\u00a0\u00a0\u00a0\u00a0\u00a0\u00a0\u00a0\u00a0 Small\/Medium Cintura 32\u201da 44\u201d 80 Caja\u00a0\u00a0\u00a0\u00a0\u00a0\u00a0\u00a0\u00a0\u00a0\u00a0\u00a0\u00a0\u00a0\u00a0\u00a0\u00a0\u00a0 $49.99\u00a0\u00a0\u00a0\u00a0\u00a0\u00a0\u00a0\u00a0\u00a0\u00a0\u00a0\u00a0\u00a0\u00a0\u00a0\u00a0\u00a0\u00a0 10.9lbs\u00a0 12.5X12.4X16.8 in<\/p>\n<p>1615BG\u00a0\u00a0\u00a0\u00a0\u00a0\u00a0\u00a0\u00a0\u00a0\u00a0 Large Cintura 45\u201da 58\u201d\u00a0\u00a0\u00a0\u00a0\u00a0\u00a0\u00a0\u00a0\u00a0\u00a0\u00a0\u00a0\u00a0\u00a0\u00a0\u00a0\u00a0\u00a0\u00a0 18 Paquete\u00a0\u00a0\u00a0\u00a0\u00a0\u00a0\u00a0\u00a0 $14.99\u00a0\u00a0\u00a0\u00a0\u00a0\u00a0\u00a0\u00a0\u00a0\u00a0\u00a0\u00a0\u00a0\u00a0\u00a0\u00a0\u00a0\u00a0 2.5lbs\u00a0\u00a0\u00a0 8X6.5X6.5 in<\/p>\n<p>1615 \u00a0\u00a0\u00a0\u00a0\u00a0\u00a0\u00a0\u00a0\u00a0\u00a0\u00a0\u00a0\u00a0\u00a0\u00a0 Large Cintura 45\u201da 58\u201d\u00a0\u00a0\u00a0\u00a0\u00a0\u00a0\u00a0\u00a0\u00a0\u00a0\u00a0\u00a0\u00a0\u00a0\u00a0\u00a0\u00a0\u00a0\u00a0 72 Caja\u00a0\u00a0\u00a0\u00a0\u00a0\u00a0\u00a0\u00a0\u00a0\u00a0\u00a0\u00a0\u00a0\u00a0\u00a0\u00a0\u00a0 $49.99\u00a0\u00a0\u00a0\u00a0\u00a0\u00a0\u00a0\u00a0\u00a0\u00a0\u00a0\u00a0\u00a0\u00a0\u00a0\u00a0\u00a0\u00a0 13 lbs\u00a0\u00a0\u00a0\u00a0 15.62X12.5X12.5 in<\/p>\n<p>1625BG\u00a0\u00a0\u00a0\u00a0\u00a0\u00a0\u00a0\u00a0\u00a0\u00a0 X-large Cintura 59\u201da 64\u201d 14 Paquete\u00a0\u00a0\u00a0\u00a0\u00a0\u00a0\u00a0\u00a0 $14.99\u00a0\u00a0\u00a0\u00a0\u00a0\u00a0\u00a0\u00a0\u00a0\u00a0\u00a0\u00a0\u00a0\u00a0\u00a0\u00a0\u00a0\u00a0 2.78lbs\u00a0 15.75X8.81X7.13 in<\/p>\n<p>1625\u00a0\u00a0\u00a0\u00a0\u00a0\u00a0\u00a0\u00a0\u00a0\u00a0\u00a0\u00a0\u00a0\u00a0\u00a0\u00a0 X-large Cintura 59\u201d a 64\u201d\u00a0\u00a0\u00a0\u00a0\u00a0\u00a0\u00a0\u00a0\u00a0\u00a0\u00a0\u00a0\u00a0\u00a0 56 Caja\u00a0\u00a0\u00a0\u00a0\u00a0\u00a0\u00a0\u00a0\u00a0\u00a0\u00a0\u00a0\u00a0\u00a0\u00a0\u00a0\u00a0 $49.99\u00a0\u00a0\u00a0\u00a0\u00a0\u00a0\u00a0\u00a0\u00a0\u00a0\u00a0\u00a0\u00a0\u00a0\u00a0\u00a0\u00a0\u00a0 15.33lbs19.25&#215;12.625&#215;14.375in<\/p>\n","protected":false},"excerpt":{"rendered":"<p><strong>Covidien Sure Care&#x2122; Plus Protective Underwear \u2013 Heavy Absorbency<\/strong><\/p>\n<p>N\u00facleo s\u00faper absorbente est\u00e1 dise\u00f1ado para bloquear r\u00e1pidamente en el l\u00edquido y neutralizar olores desagradables<\/p>\n<ul>\n<li>Espaldar tipo tela para un aspecto acolchonado, ofreciendo un soluci\u00f3n perceptiblemente m\u00e1s silenciosa, discreta y dignificante<\/li>\n<li>Desgarre en los lados para mayor conveniencia y f\u00e1cil retiro y disposici\u00f3n<\/li>\n<li>Absorbencia Heavy<\/li>\n<\/ul>\n","protected":false},"featured_media":37027,"comment_status":"open","ping_status":"closed","template":"","meta":[],"product_brand":[],"product_cat":[163],"product_tag":[],"class_list":{"0":"post-37026","1":"product","2":"type-product","3":"status-publish","4":"has-post-thumbnail","6":"product_cat-incontinencia","7":"description-off","9":"first","10":"instock","11":"shipping-taxable","12":"purchasable","13":"product-type-variable"},"_links":{"self":[{"href":"https:\/\/www.abcmedicalpr.com\/index.php?rest_route=\/wp\/v2\/product\/37026","targetHints":{"allow":["GET"]}}],"collection":[{"href":"https:\/\/www.abcmedicalpr.com\/index.php?rest_route=\/wp\/v2\/product"}],"about":[{"href":"https:\/\/www.abcmedicalpr.com\/index.php?rest_route=\/wp\/v2\/types\/product"}],"replies":[{"embeddable":true,"href":"https:\/\/www.abcmedicalpr.com\/index.php?rest_route=%2Fwp%2Fv2%2Fcomments&post=37026"}],"wp:featuredmedia":[{"embeddable":true,"href":"https:\/\/www.abcmedicalpr.com\/index.php?rest_route=\/wp\/v2\/media\/37027"}],"wp:attachment":[{"href":"https:\/\/www.abcmedicalpr.com\/index.php?rest_route=%2Fwp%2Fv2%2Fmedia&parent=37026"}],"wp:term":[{"taxonomy":"product_brand","embeddable":true,"href":"https:\/\/www.abcmedicalpr.com\/index.php?rest_route=%2Fwp%2Fv2%2Fproduct_brand&post=37026"},{"taxonomy":"product_cat","embeddable":true,"href":"https:\/\/www.abcmedicalpr.com\/index.php?rest_route=%2Fwp%2Fv2%2Fproduct_cat&post=37026"},{"taxonomy":"product_tag","embeddable":true,"href":"https:\/\/www.abcmedicalpr.com\/index.php?rest_route=%2Fwp%2Fv2%2Fproduct_tag&post=37026"}],"curies":[{"name":"wp","href":"https:\/\/api.w.org\/{rel}","templated":true}]}}